{"id":37,"date":"2018-02-06T16:05:46","date_gmt":"2018-02-06T15:05:46","guid":{"rendered":"http:\/\/ludwigs-scheune.de\/Wordpress\/?page_id=37"},"modified":"2020-10-25T18:53:17","modified_gmt":"2020-10-25T17:53:17","slug":"tagen","status":"publish","type":"page","link":"https:\/\/ludwigs-scheune.de\/?page_id=37","title":{"rendered":"Tagen"},"content":{"rendered":"<p>Wenn Sie einen Firmen &#8211; Event veranstalten wollen oder auf der Suche nach einem Raum f\u00fcr eine Tagung oder Schulung sind, sind Sie bei uns an der richtigen Stelle.<\/p>\n<p>Unser Veranstaltungsraum bietet die M\u00f6glichkeit in entspannter Atmosph\u00e4re zum Beispiel eine Weihnachtsfeier oder ein Sommerfest auszurichten. Die Scheune ist mit der integrierten B\u00fchne auch hervorragend f\u00fcr Vortr\u00e4ge, Schulungen, Lesungen oder \u00c4hnliches geeignet.<br \/>\nBei allen Events stehen wir Ihnen gerne bei der Planung, Organisation und Verkostung zur Seite oder \u00fcbernehmen dies komplett f\u00fcr Sie.<\/p>\n<p><em><strong>Rufen Sie einfach an und sprechen mit uns<\/strong><\/em><\/p>\n","protected":false},"excerpt":{"rendered":"<p>Wenn Sie einen Firmen &#8211; Event veranstalten wollen oder auf der Suche nach einem Raum f\u00fcr eine Tagung oder Schulung sind, sind Sie bei uns an der richtigen Stelle. Unser Veranstaltungsraum bietet die M\u00f6glichkeit in entspannter Atmosph\u00e4re zum Beispiel eine Weihnachtsfeier oder ein Sommerfest auszurichten. Die Scheune ist mit der integrierten B\u00fchne auch hervorragend f\u00fcr &hellip; <\/p>\n<p class=\"link-more\"><a href=\"https:\/\/ludwigs-scheune.de\/?page_id=37\" class=\"more-link\"><span class=\"screen-reader-text\">\u201eTagen\u201c<\/span> weiterlesen<\/a><\/p>\n","protected":false},"author":1,"featured_media":0,"parent":0,"menu_order":0,"comment_status":"closed","ping_status":"closed","template":"","meta":[],"_links":{"self":[{"href":"https:\/\/ludwigs-scheune.de\/index.php?rest_route=\/wp\/v2\/pages\/37"}],"collection":[{"href":"https:\/\/ludwigs-scheune.de\/index.php?rest_route=\/wp\/v2\/pages"}],"about":[{"href":"https:\/\/ludwigs-scheune.de\/index.php?rest_route=\/wp\/v2\/types\/page"}],"author":[{"embeddable":true,"href":"https:\/\/ludwigs-scheune.de\/index.php?rest_route=\/wp\/v2\/users\/1"}],"replies":[{"embeddable":true,"href":"https:\/\/ludwigs-scheune.de\/index.php?rest_route=%2Fwp%2Fv2%2Fcomments&post=37"}],"version-history":[{"count":4,"href":"https:\/\/ludwigs-scheune.de\/index.php?rest_route=\/wp\/v2\/pages\/37\/revisions"}],"predecessor-version":[{"id":196,"href":"https:\/\/ludwigs-scheune.de\/index.php?rest_route=\/wp\/v2\/pages\/37\/revisions\/196"}],"wp:attachment":[{"href":"https:\/\/ludwigs-scheune.de\/index.php?rest_route=%2Fwp%2Fv2%2Fmedia&parent=37"}],"curies":[{"name":"wp","href":"https:\/\/api.w.org\/{rel}","templated":true}]}}

<p>Wenn Sie einen Firmen &#8211; Event veranstalten wollen oder auf der Suche nach einem Raum für eine Tagung oder Schulung sind, sind Sie bei uns an der richtigen Stelle.</p>
<p>Unser Veranstaltungsraum bietet die Möglichkeit in entspannter Atmosphäre zum Beispiel eine Weihnachtsfeier oder ein Sommerfest auszurichten. Die Scheune ist mit der integrierten Bühne auch hervorragend für Vorträge, Schulungen, Lesungen oder Ähnliches geeignet.<br />
Bei allen Events stehen wir Ihnen gerne bei der Planung, Organisation und Verkostung zur Seite oder übernehmen dies komplett für Sie.</p>
<p><em><strong>Rufen Sie einfach an und sprechen mit uns</strong></em></p>

<p>Wenn Sie einen Firmen &#8211; Event veranstalten wollen oder auf der Suche nach einem Raum für eine Tagung oder Schulung sind, sind Sie bei uns an der richtigen Stelle. Unser Veranstaltungsraum bietet die Möglichkeit in entspannter Atmosphäre zum Beispiel eine Weihnachtsfeier oder ein Sommerfest auszurichten. Die Scheune ist mit der integrierten Bühne auch hervorragend für &hellip; </p>
<p class="link-more"><a href="https://ludwigs-scheune.de/?page_id=37" class="more-link"><span class="screen-reader-text">„Tagen“</span> weiterlesen</a></p>
